er when 1042 is divided by b?
27
Let q(h) = 64*h + 1. Let v be q(-1). Calculate the remainder when (69/6)/(7/42) is divided by (-4 + v/(-12))*28.
34
Let u(b) = 236 + 2*b - 2*b + b**2 - 235. Let r be u(-2). Suppose -y + 2*h + 10 = -12, 2*y - r*h - 44 = 0. Calculate the remainder when y is divided by 12.
10
Let s(v) = -v**3 + 2*v**2 + 7*v - 52. Calculate the remainder when s(-12) is divided by 19.
18
Let w = 7177 - 7123. Calculate the remainder when w is divided by 33.
21
Let u(o) be the third derivative of 19*o**5/10 - o**4/24 + o**3/3 + 47*o**2 + 2. What is the remainder when u(1) is divided by 6?
1
Let y be (98 - 4)/((-1)/(-2)*-4). Let k = 49 + y. Calculate the remainder when 58 is divided by 1 + ((-2)/(-1))/(k/11).
10
Suppose -2*q - 30 = 5*b, -5*b + 4*q + 5 = -q. Calculate the remainder when 234 is divided by b + 46 + -4 + -4.
30
Suppose 0 = -7*c + 71 + 48. Calculate the remainder when 249 is divided by c.
11
Suppose 61*t - 57*t = 2*x + 16914, -14 = -2*x. What is the remainder when t is divided by 73?
71
Suppose 4*v = 3*v + 2*o - 1, -5*o + 8 = 3*v. Suppose -3*s - 12 = -5*u, -4*s + u = -15 + 14. What is the remainder when s is divided by v?
0
Suppose -4*f + 5*c = -1050, -258*c + 263*c = 30. What is the remainder when f is divided by 169?
101
Let s(l) = l**3 - 12*l**2 - 18*l - 83. What is the remainder when s(15) is divided by 111?
100
Let y = -40 + 62. Suppose 0 = z - 5, 5*i + 5*z + 311 - 2196 = 0. What is the remainder when i is divided by y?
20
Suppose -s + 33 = -89*p + 86*p, -4*s = -4*p - 92. Calculate the remainder when 5288 is divided by s.
14
Let v(q) = -q**2 - 14*q + 44. Suppose 5*o + 55 = 5*x, 5*o - 6*x = -3*x - 55. Calculate the remainder when v(o) is divided by 8.
5
Let i(k) = k**3 + k**2 - k + 121. Let h be i(0). Let w = -32 + h. Suppose m + w = 5*v + 20, -4*v + 56 = -m. Calculate the remainder when 62 is divided by v.
10
Let b(n) = -4 + 0*n + 17 - n. Let x(u) = -u**2 + 4*u + 6. Let k be x(6). Calculate the remainder when b(k) is divided by 7.
5
Let u be (4/8)/(3/(-6))*8. Let t(w) = -w - 8. Let z be t(u). Suppose -k = -4 - 0, -b - 5*k + 37 = z. Calculate the remainder when b is divided by 6.
5
Suppose 2*r = -2*d + 80, -4*d + 4*r = -64 - 88. Suppose m - 6 = 4*m. What is the remainder when 149 is divided by d - (10/14 + m/(-7))?
35
Suppose 5*x = 13*g - 2094, 21 = 3*x + 6. What is the remainder when 323 is divided by g?
160
Let s(v) = -12*v**3 + 2*v**2 + 2*v + 3. Let p = -447 + 444. Calculate the remainder when s(p) is divided by 38.
35
Let m = 1657 - 1439. What is the remainder when m is divided by 34?
14
Let v(w) = -66*w + 1875. What is the remainder when 3747 is divided by v(28)?
21
What is the remainder when 840 is divided by (-8041)/(-258)*9 - ((-1)/(-2) + 0)?
0
Suppose 5*c - 1571 = -2*r + 1195, -21 = 3*r. What is the remainder when c is divided by 189?
178
Suppose -6*s + 8 = 2*s. Let a be 4*(s - 5/10). Let c(j) = 15*j - 4. What is the remainder when 62 is divided by c(a)?
10
Let f(i) = -i**2 + 16*i - 43. Let j be f(12). Suppose j*q = 3*b + 50, 18 = -5*q + 6*q + b. What is the remainder when q is divided by 2/(-3) - 14/(-3)?
1
Let x(y) = 189*y**2 + 249*y + 8. What is the remainder when x(3) is divided by 164?
160
Suppose 5*t + d - 60 = 4*d, 0 = -2*t + 3*d + 15. Suppose -404*b + 401*b + t = 0. What is the remainder when 86 is divided by b?
1
Let y = 141 + -114. Calculate the remainder when 3482 is divided by y.
26
Let q(n) = n**3 + 24*n**2 + 24*n + 49. Let m = 1295 + -1225. What is the remainder when m is divided by q(-23)?
18
Let p = 501 - 333. Suppose 0 = 4*m - 12, 0*o + 4*m = 4*o - p. Let l = 37040 - 36861. Calculate the remainder when l is divided by o.
44
Suppose -r + 1305 + 642 = 3*c, -1314 = -2*c + 2*r. What is the remainder when c is divided by 173?
132
Suppose 0 = 85*z - 294 - 981. Calculate the remainder when 552 is divided by z.
12
Suppose -3*u - 1 + 13 = 0, -v - u = 81. Let j = v + 123. What is the remainder when 117 + (-5)/(20/16) is divided by j?
37
Let k = 19362 + -18363. Calculate the remainder when k is divided by 166.
3
Let o = -500 + 682. What is the remainder when o is divided by 154?
28
Suppose -8*p - 48 = 0, -21*o - 4*p = -20*o - 1279. What is the remainder when o is divided by 231?
148
Suppose 3325819 + 10984415 = 549*a. What is the remainder when a is divided by 131?
128
Suppose -5*v = 3*z - 629, 40 = -z + 2*v + 257. Calculate the remainder when 2989 is divided by z.
7
Suppose -3*z + 5 = -2*z, 0 = 3*r + 5*z - 178. Suppose -3*q - 9*o = -10*o - 49, -2*q - 4*o + 56 = 0. What is the remainder when r is divided by q?
15
Calculate the remainder when 634 is divided by ((-37)/(-5))/(12/90) + (-45)/(-18).
54
Let o = 1514 + -907. Calculate the remainder when o is divided by 62.
49
Let r(l) = l**3 - 75*l**2 - 78*l + 357. What is the remainder when r(76) is divided by 17?
1
Suppose 15 + 29 = 2*g. Let o = g - 9. What is the remainder when o is divided by 1*-3 - (-16 + 2)*(-81)/(-162)?
1
Let f(x) = x**3 - 11*x**2 + 11*x - 3. Let k be f(10). Let w = 747 - 722. Calculate the remainder when k*((-20)/(-2) + -3) is divided by w.
24
Let o(v) = v**2 + 47*v + 381. Calculate the remainder when 141 is divided by o(-10).
9
Suppose -360 = 14842*o - 14862*o. Suppose -4*j + 10 = 2. What is the remainder when o is divided by (20/(-6))/(j/(-6))?
8
Let b(l) = 18*l - 134. Let u be b(24). Suppose 2*d - 4*f - u = 0, -3*d + 410 = 5*f - 37. Calculate the remainder when d is divided by 15.
14
Let j be 1 - (-3 + 3) - 37. Let o = 21 + j. Let y = 37 + o. Calculate the remainder when 39 is divided by y.
17
Suppose 0 = 78*w - 464 - 2180 - 710. Let k(p) = -p + 128. Calculate the remainder when k(0) is divided by w.
42
Suppose -141*c + 6102 = -28*c. Calculate the remainder when 6477 is divided by c.
51
Suppose -4*y + 557 - 164 = 5*n, 3*y = -5*n + 391. Suppose 38*u + n = 45*u. Calculate the remainder when 889 is divided by u.
9
Let z(p) = p**3 + 9*p**2 + p + 13. Let b be z(-9). Suppose -b*y = 20 - 100. Suppose 106 = 9*g - y. What is the remainder when 83 is divided by g?
13
Suppose -25*d = -2*d + 67*d - 9270. What is the remainder when d is divided by 17?
1
Let a(u) = u**3 + 10*u**2 + u - 24. Let p be a(7). Calculate the remainder when 218 is divided by 20/35 - (p/14)/(-3).
18
Suppose -3*c - 11 = -2*v, -c + 4*v - 31 = -14. Calculate the remainder when 10 is divided by -3 - 12*(-3)/(-6)*c.
1
Let q(i) = -i**3 + 10*i**2 + 39*i - 10. Calculate the remainder when 371 is divided by q(5).
61
Suppose 2154 = 41*i + 325*i - 6996. Let n = -26 - -37. What is the remainder when i is divided by n?
3
Suppose 2*z = -8*m + 66, -4*z - 38 = -4*m - 50. Let q be (1 - 4)/((-6)/4). Suppose -14 = -q*x + 36. What is the remainder when x is divided by z?
7
Suppose -3*j - 16 = 17. Calculate the remainder when 1131/26*(0 + 4/6) is divided by (-23 - j)*(-5)/4.
14
Suppose 0 = 4*a + 111*a - 7590. Let i(l) = l**2 + 4*l + 3. Let h be i(-3). Suppose h = x + x - a. What is the remainder when x is divided by 17?
16
Suppose -109*r + 108*r - 940 = -5*s, 564 = 3*s + 5*r. What is the remainder when s is divided by 30?
8
Suppose g + 4*d - 64 - 6 = 0, 5*d + 385 = 4*g. Suppose 3*b = -x + g, 0*x + 3*x = -4*b + 265. Let i = 93 - x. Calculate the remainder when 75 is divided by i.
3
Let q = -852 - -865. Let k(u) = 1 - 4*u**2 - 3*u + 2 + 5*u**2. What is the remainder when k(q) is divided by 45?
43
Suppose 4840 = 17118*o - 17098*o. What is the remainder when o is divided by 77?
11
Let l = 113 - 12. Suppose -4*d - 4*w = -68, 3*d - 20655 = w - 20620. What is the remainder when l is divided by d?
10
Suppose 0 = 13*y - 12*y + 375. Let a = 449 + y. What is the remainder when a is divided by 20?
14
Let z = 11615 - 10335. What is the remainder when 2564 is divided by z?
4
Let v = 55 - 30. Suppose -5*j - 2*y + 237 = -96, 306 = 4*j - 5*y. Calculate the remainder when j is divided by v.
19
Let h = -276005 - -276349. Let z = 33 + 36. What is the remainder when h is divided by z?
68
Let s(k) = -11*k + 241. Let p(t) = -5*t + 120. Let d(u) = 7*p(u) - 4*s(u). What is the remainder when 142 is divided by d(22)?
68
Let o(x) = x + 16. Let p be o(-14). Suppose 3*c = 2*y - 9, 5*y = p*c + 19 + 31. Suppose -5*k - 1134 = -19*k. What is the remainder when k is divided by y?
9
Let f = 504 - 501. Suppose 4*x + 5*y - 28